{"id":24,"date":"2020-04-19T19:47:02","date_gmt":"2020-04-19T19:47:02","guid":{"rendered":"https:\/\/www.csikvacsarcsi.ro\/?page_id=24"},"modified":"2020-06-17T21:38:09","modified_gmt":"2020-06-17T19:38:09","slug":"onkentes-tuzoltok","status":"publish","type":"page","link":"https:\/\/www.csikvacsarcsi.ro\/index.php\/onkentes-tuzoltok\/","title":{"rendered":"\u00d6nk\u00e9ntes T\u0171zolt\u00f3k"},"content":{"rendered":"<p>A Vacs\u00e1rcsi \u00d6nk\u00e9ntes T\u0171zolt\u00f3k Egyes\u00fclete 2013-as \u00e9v v\u00e9g\u00e9n alakult. Tagjai Cs\u00edkszentmih\u00e1ly k\u00f6zs\u00e9g Vacs\u00e1rcsi faluj\u00e1ban tev\u00e9kenyked\u0151 \u00f6nk\u00e9ntes t\u0171zolt\u00f3k.<\/p>\n<p>A Vacs\u00e1rcsi \u00d6nk\u00e9ntes T\u0171zolt\u00f3 Egyes\u00fclet r\u00e9sz\u00e9re 2014-ben v\u00e1s\u00e1rolt egy haszn\u00e1lt Mercedes t\u00edpus\u00fa t\u0171zolt\u00f3 aut\u00f3t a Vacs\u00e1rcsi K\u00f6zbirtokoss\u00e1g.<\/p>\n<p>Hargita Megye Tan\u00e1cs\u00e1t\u00f3l p\u00e1ly\u00e1zati \u00faton 2014-2020 k\u00f6z\u00f6tt az egyes\u00fclet tagjainak gyakorl\u00f3 ruh\u00e1kat, \u00f6lt\u00f6ny\u00f6ket \u00e9s felszerel\u00e9seket v\u00e1s\u00e1roltak.<\/p>\n<p>2015-ben Eur\u00f3pai Uni\u00f3s LEADER p\u00e1ly\u00e1zatb\u00f3l 10 000 eur\u00f3 \u00e9rt\u00e9kben v\u00e1s\u00e1roltak eszk\u00f6z\u00f6ket az egyes\u00fclet r\u00e9sz\u00e9re (gener\u00e1tort, 2 l\u00e1ncf\u0171r\u00e9szt, v\u00edzpomp\u00e1t, 6 p\u00e1r bakkancsot, 6 sisakot, 10 ruh\u00e1t \u00e9s 10 keszty\u0171t)<\/p>\n<p>Az Egyes\u00fclet \u00e9vek \u00f3ta szervez\u0151je a vacs\u00e1rcsi falunapoknak, ahol vet\u00e9lked\u0151ket, sportrendezv\u00e9nyeket \u00e9s kultur\u00e1lis programokat szerveztek. Az elm\u00falt \u00e9vekben t\u0171zolt\u00f3 napokat is szerveztek, ahov\u00e1 megh\u00edvt\u00e1k a k\u00f6rny\u00e9k \u00f6nk\u00e9ntes t\u0171zolt\u00f3it.<\/p>\n<p>Rendszeresen r\u00e9szt vesznek a felcs\u00edki \u00f6nk\u00e9ntes t\u0171zolt\u00f3k vet\u00e9lked\u0151j\u00e9n, valamint a k\u00f6rzeti versenyeken, amelyet 2016-ban D\u00e1nfalv\u00e1n meg is nyertek \u00e9s ez\u00e1ltal r\u00e9szt vehettek a Szentegyh\u00e1zi megyei d\u00f6nt\u0151n.<\/p>\n<p>Az Egyes\u00fclet vezet\u0151s\u00e9ge 2013-2020: Marucza Zolt\u00e1n eln\u00f6k, Marucza \u00c1rp\u00e1d aleln\u00f6k, ifj. Sz\u0151cs L\u00e1szl\u00f3 titk\u00e1r.<\/p>\n<p>Az Egyes\u00fclet vezet\u0151s\u00e9ge 2020-t\u00f3l: P\u00e9ter Zsolt eln\u00f6k, Marucza \u00c1rp\u00e1d aleln\u00f6k, Kiss L\u00f3r\u00e1nt titk\u00e1r.<\/p>\n<p>Az Egyes\u00fclet tov\u00e1bbi tagjai: Marucza Zolt\u00e1n, Marucza Istv\u00e1n, Sz\u00e1sz Andr\u00e1s, K\u00f3sa K. \u00c1rp\u00e1d, Andr\u00e1s Istv\u00e1n, P\u00e9ter D\u00e1vid, Bir\u00f3 \u00c1rp\u00e1d<strong>,<\/strong> F\u00e1bi\u00e1n Hunor, Burj\u00e1n Hunor, P\u00e9ter Istv\u00e1n, ifj. Sz\u0151cs L\u00e1szl\u00f3, S\u00e1rosi Vencel.<\/p>\n<p>Az Egyes\u00fcletnek van t\u00edz fiatal t\u0171zolt\u00f3ja is, akiket szoktunk vinni bemutat\u00f3kra.<\/p>\n","protected":false},"excerpt":{"rendered":"<p>A Vacs\u00e1rcsi \u00d6nk\u00e9ntes T\u0171zolt\u00f3k Egyes\u00fclete 2013-as \u00e9v v\u00e9g\u00e9n alakult. Tagjai Cs\u00edkszentmih\u00e1ly k\u00f6zs\u00e9g Vacs\u00e1rcsi faluj\u00e1ban tev\u00e9kenyked\u0151 \u00f6nk\u00e9ntes t\u0171zolt\u00f3k. A Vacs\u00e1rcsi \u00d6nk\u00e9ntes T\u0171zolt\u00f3 Egyes\u00fclet r\u00e9sz\u00e9re 2014-ben v\u00e1s\u00e1rolt egy haszn\u00e1lt Mercedes t\u00edpus\u00fa t\u0171zolt\u00f3 aut\u00f3t a Vacs\u00e1rcsi K\u00f6zbirtokoss\u00e1g. Hargita Megye Tan\u00e1cs\u00e1t\u00f3l p\u00e1ly\u00e1zati \u00faton 2014-2020 k\u00f6z\u00f6tt az egyes\u00fclet tagjainak gyakorl\u00f3 ruh\u00e1kat, \u00f6lt\u00f6ny\u00f6ket \u00e9s felszerel\u00e9seket v\u00e1s\u00e1roltak. 2015-ben Eur\u00f3pai Uni\u00f3s LEADER p\u00e1ly\u00e1zatb\u00f3l <a class=\"read-more\" href=\"https:\/\/www.csikvacsarcsi.ro\/index.php\/onkentes-tuzoltok\/\">READ MORE<\/a><\/p>\n","protected":false},"author":1,"featured_media":0,"parent":0,"menu_order":0,"comment_status":"closed","ping_status":"closed","template":"","meta":{"footnotes":""},"class_list":["post-24","page","type-page","status-publish","hentry"],"_links":{"self":[{"href":"https:\/\/www.csikvacsarcsi.ro\/index.php\/wp-json\/wp\/v2\/pages\/24","targetHints":{"allow":["GET"]}}],"collection":[{"href":"https:\/\/www.csikvacsarcsi.ro\/index.php\/wp-json\/wp\/v2\/pages"}],"about":[{"href":"https:\/\/www.csikvacsarcsi.ro\/index.php\/wp-json\/wp\/v2\/types\/page"}],"author":[{"embeddable":true,"href":"https:\/\/www.csikvacsarcsi.ro\/index.php\/wp-json\/wp\/v2\/users\/1"}],"replies":[{"embeddable":true,"href":"https:\/\/www.csikvacsarcsi.ro\/index.php\/wp-json\/wp\/v2\/comments?post=24"}],"version-history":[{"count":3,"href":"https:\/\/www.csikvacsarcsi.ro\/index.php\/wp-json\/wp\/v2\/pages\/24\/revisions"}],"predecessor-version":[{"id":50,"href":"https:\/\/www.csikvacsarcsi.ro\/index.php\/wp-json\/wp\/v2\/pages\/24\/revisions\/50"}],"wp:attachment":[{"href":"https:\/\/www.csikvacsarcsi.ro\/index.php\/wp-json\/wp\/v2\/media?parent=24"}],"curies":[{"name":"wp","href":"https:\/\/api.w.org\/{rel}","templated":true}]}}

Önkéntes Tűzoltók

<p>A Vacsárcsi Önkéntes Tűzoltók Egyesülete 2013-as év végén alakult. Tagjai Csíkszentmihály község Vacsárcsi falujában tevékenykedő önkéntes tűzoltók.</p>
<p>A Vacsárcsi Önkéntes Tűzoltó Egyesület részére 2014-ben vásárolt egy használt Mercedes típusú tűzoltó autót a Vacsárcsi Közbirtokosság.</p>
<p>Hargita Megye Tanácsától pályázati úton 2014-2020 között az egyesület tagjainak gyakorló ruhákat, öltönyöket és felszereléseket vásároltak.</p>
<p>2015-ben Európai Uniós LEADER pályázatból 10 000 euró értékben vásároltak eszközöket az egyesület részére (generátort, 2 láncfűrészt, vízpompát, 6 pár bakkancsot, 6 sisakot, 10 ruhát és 10 kesztyűt)</p>
<p>Az Egyesület évek óta szervezője a vacsárcsi falunapoknak, ahol vetélkedőket, sportrendezvényeket és kulturális programokat szerveztek. Az elmúlt években tűzoltó napokat is szerveztek, ahová meghívták a környék önkéntes tűzoltóit.</p>
<p>Rendszeresen részt vesznek a felcsíki önkéntes tűzoltók vetélkedőjén, valamint a körzeti versenyeken, amelyet 2016-ban Dánfalván meg is nyertek és ezáltal részt vehettek a Szentegyházi megyei döntőn.</p>
<p>Az Egyesület vezetősége 2013-2020: Marucza Zoltán elnök, Marucza Árpád alelnök, ifj. Szőcs László titkár.</p>
<p>Az Egyesület vezetősége 2020-tól: Péter Zsolt elnök, Marucza Árpád alelnök, Kiss Lóránt titkár.</p>
<p>Az Egyesület további tagjai: Marucza Zoltán, Marucza István, Szász András, Kósa K. Árpád, András István, Péter Dávid, Biró Árpád<strong>,</strong> Fábián Hunor, Burján Hunor, Péter István, ifj. Szőcs László, Sárosi Vencel.</p>
<p>Az Egyesületnek van tíz fiatal tűzoltója is, akiket szoktunk vinni bemutatókra.</p>

<p>A Vacsárcsi Önkéntes Tűzoltók Egyesülete 2013-as év végén alakult. Tagjai Csíkszentmihály község Vacsárcsi falujában tevékenykedő önkéntes tűzoltók. A Vacsárcsi Önkéntes Tűzoltó Egyesület részére 2014-ben vásárolt egy használt Mercedes típusú tűzoltó autót a Vacsárcsi Közbirtokosság. Hargita Megye Tanácsától pályázati úton 2014-2020 között az egyesület tagjainak gyakorló ruhákat, öltönyöket és felszereléseket vásároltak. 2015-ben Európai Uniós LEADER pályázatból <a class="read-more" href="https://www.csikvacsarcsi.ro/index.php/onkentes-tuzoltok/">READ MORE</a></p>
