{"id":2,"date":"2019-08-20T11:19:54","date_gmt":"2019-08-20T11:19:54","guid":{"rendered":"https:\/\/www.csikvacsarcsi.ro\/?page_id=2"},"modified":"2020-06-17T22:32:48","modified_gmt":"2020-06-17T20:32:48","slug":"sample-page","status":"publish","type":"page","link":"https:\/\/www.csikvacsarcsi.ro\/index.php\/sample-page\/","title":{"rendered":"N\u00e9pt\u00e1nc csoport"},"content":{"rendered":"\r\n<p>A Cserevir\u00e1g Ifj\u00fas\u00e1gi N\u00e9pt\u00e1nccsoport 2011. \u00a0december\u00e9ben alakult \u00fajra a falu k\u00f6z\u00e9piskol\u00e1s di\u00e1kjaib\u00f3l. Legf\u0151bb c\u00e9lkit\u0171z\u00e9sei k\u00f6z\u00e9 tartozik a sz\u00e9kely t\u00e1ncok megtanul\u00e1sa valamint a n\u00e9pt\u00e1nc hagyom\u00e1nyok meg\u0151rz\u00e9se, \u00e1pol\u00e1sa \u00e9s tov\u00e1bbad\u00e1sa. Az elm\u00falt \u00e9vben sikeresen szerepelt a falunapokon, az Ezer Sz\u00e9kely Le\u00e1ny Napj\u00e1n, a Cs\u0171rd\u00f6ng\u00f6l\u0151 Gyermek- \u00e9s Ifj\u00fas\u00e1gi N\u00e9pt\u00e1nctal\u00e1lkoz\u00f3n valamint a novemberben megrendezett Szent Andr\u00e1s napi b\u00e1lon. A n\u00e9pt\u00e1ncsoport m\u0171sora elmaradhatatlan a cs\u00edkvacs\u00e1rcsi rendezv\u00e9nyeken, de fell\u00e9ptek m\u00e1r Cs\u00edkajn\u00e1don, Oroszhegyen, Cs\u00edkkozm\u00e1son, Cs\u00edkszentmih\u00e1lyon, L\u00f6v\u00e9t\u00e9n, Marosf\u0151n \u00e9s Mad\u00e9falv\u00e1n is. A n\u00e9pt\u00e1nccsoport oktat\u00f3ja Antal Zsolt a Hargita Nemzeti Sz\u00e9kely N\u00e9pi Egy\u00fcttes t\u00e1ncosa. Az egy\u00fcttes koreogr\u00e1fi\u00e1i k\u00f6z\u00f6tt felcs\u00edki, marossz\u00e9ki, mez\u0151s\u00e9gi, szatm\u00e1ri \u00e9s k\u00fck\u00fcll\u0151menti t\u00e1ncok szerepelnek.<\/p>\r\n<p>A Cserevir\u00e1t t\u00e1nccsoport mellett m\u0171k\u00f6dik a B\u00fazavir\u00e1g N\u00e9pt\u00e1nccsoport, amelyben \u00e1ltal\u00e1nos iskol\u00e1sok tanulnak \u00e9s t\u00e1ncolnak. Az ut\u00e1np\u00f3tl\u00e1st a P\u00f6tt\u00f6m t\u00e1nccsoport biztos\u00edtja, amely \u00f3v\u00f3d\u00e1s gyerekekb\u0151l \u00e1ll.<\/p>\r\n","protected":false},"excerpt":{"rendered":"<p>A Cserevir\u00e1g Ifj\u00fas\u00e1gi N\u00e9pt\u00e1nccsoport 2011. \u00a0december\u00e9ben alakult \u00fajra a falu k\u00f6z\u00e9piskol\u00e1s di\u00e1kjaib\u00f3l. Legf\u0151bb c\u00e9lkit\u0171z\u00e9sei k\u00f6z\u00e9 tartozik a sz\u00e9kely t\u00e1ncok megtanul\u00e1sa valamint a n\u00e9pt\u00e1nc hagyom\u00e1nyok meg\u0151rz\u00e9se, \u00e1pol\u00e1sa \u00e9s tov\u00e1bbad\u00e1sa. Az elm\u00falt \u00e9vben sikeresen szerepelt a falunapokon, az Ezer Sz\u00e9kely Le\u00e1ny Napj\u00e1n, a Cs\u0171rd\u00f6ng\u00f6l\u0151 Gyermek- \u00e9s Ifj\u00fas\u00e1gi N\u00e9pt\u00e1nctal\u00e1lkoz\u00f3n valamint a novemberben megrendezett Szent Andr\u00e1s napi b\u00e1lon. A <a class=\"read-more\" href=\"https:\/\/www.csikvacsarcsi.ro\/index.php\/sample-page\/\">READ MORE<\/a><\/p>\n","protected":false},"author":1,"featured_media":0,"parent":0,"menu_order":0,"comment_status":"closed","ping_status":"open","template":"","meta":{"footnotes":""},"class_list":["post-2","page","type-page","status-publish","hentry"],"_links":{"self":[{"href":"https:\/\/www.csikvacsarcsi.ro\/index.php\/wp-json\/wp\/v2\/pages\/2","targetHints":{"allow":["GET"]}}],"collection":[{"href":"https:\/\/www.csikvacsarcsi.ro\/index.php\/wp-json\/wp\/v2\/pages"}],"about":[{"href":"https:\/\/www.csikvacsarcsi.ro\/index.php\/wp-json\/wp\/v2\/types\/page"}],"author":[{"embeddable":true,"href":"https:\/\/www.csikvacsarcsi.ro\/index.php\/wp-json\/wp\/v2\/users\/1"}],"replies":[{"embeddable":true,"href":"https:\/\/www.csikvacsarcsi.ro\/index.php\/wp-json\/wp\/v2\/comments?post=2"}],"version-history":[{"count":3,"href":"https:\/\/www.csikvacsarcsi.ro\/index.php\/wp-json\/wp\/v2\/pages\/2\/revisions"}],"predecessor-version":[{"id":51,"href":"https:\/\/www.csikvacsarcsi.ro\/index.php\/wp-json\/wp\/v2\/pages\/2\/revisions\/51"}],"wp:attachment":[{"href":"https:\/\/www.csikvacsarcsi.ro\/index.php\/wp-json\/wp\/v2\/media?parent=2"}],"curies":[{"name":"wp","href":"https:\/\/api.w.org\/{rel}","templated":true}]}}

Néptánc csoport

<p>A Cserevirág Ifjúsági Néptánccsoport 2011.  decemberében alakult újra a falu középiskolás diákjaiból. Legfőbb célkitűzései közé tartozik a székely táncok megtanulása valamint a néptánc hagyományok megőrzése, ápolása és továbbadása. Az elmúlt évben sikeresen szerepelt a falunapokon, az Ezer Székely Leány Napján, a Csűrdöngölő Gyermek- és Ifjúsági Néptánctalálkozón valamint a novemberben megrendezett Szent András napi bálon. A néptáncsoport műsora elmaradhatatlan a csíkvacsárcsi rendezvényeken, de felléptek már Csíkajnádon, Oroszhegyen, Csíkkozmáson, Csíkszentmihályon, Lövétén, Marosfőn és Madéfalván is. A néptánccsoport oktatója Antal Zsolt a Hargita Nemzeti Székely Népi Együttes táncosa. Az együttes koreográfiái között felcsíki, marosszéki, mezőségi, szatmári és küküllőmenti táncok szerepelnek.</p>
<p>A Cserevirát tánccsoport mellett működik a Búzavirág Néptánccsoport, amelyben általános iskolások tanulnak és táncolnak. Az utánpótlást a Pöttöm tánccsoport biztosítja, amely óvódás gyerekekből áll.</p>

<p>A Cserevirág Ifjúsági Néptánccsoport 2011.  decemberében alakult újra a falu középiskolás diákjaiból. Legfőbb célkitűzései közé tartozik a székely táncok megtanulása valamint a néptánc hagyományok megőrzése, ápolása és továbbadása. Az elmúlt évben sikeresen szerepelt a falunapokon, az Ezer Székely Leány Napján, a Csűrdöngölő Gyermek- és Ifjúsági Néptánctalálkozón valamint a novemberben megrendezett Szent András napi bálon. A <a class="read-more" href="https://www.csikvacsarcsi.ro/index.php/sample-page/">READ MORE</a></p>
