{"id":17,"date":"2020-04-19T19:45:00","date_gmt":"2020-04-19T19:45:00","guid":{"rendered":"https:\/\/www.csikvacsarcsi.ro\/?page_id=17"},"modified":"2020-06-17T20:51:46","modified_gmt":"2020-06-17T18:51:46","slug":"egyhaz","status":"publish","type":"page","link":"https:\/\/www.csikvacsarcsi.ro\/index.php\/egyhaz\/","title":{"rendered":"Egyh\u00e1z"},"content":{"rendered":"<p>Cs\u00edkvacs\u00e1rcsi Cs\u00edkr\u00e1kos egyh\u00e1zk\u00f6zs\u00e9ghez tartozik.\u00a0 Cs\u00edkr\u00e1kos, Cs\u00edkg\u00f6r\u00f6csfalva \u00e9s Cs\u00edkvacs\u00e1rcsi alkotja a Kisasszony Egyh\u00e1zk\u00f6zs\u00e9get. \u00a0Cs\u00edkr\u00e1kosi pl\u00e9b\u00e1nia iratt\u00e1r\u00e1ban tal\u00e1lhat\u00f3 legr\u00e9gebbi \u00edr\u00e1sos dokumentumban, a \u201e<strong>Domus Historia<\/strong>\u201c-ban tal\u00e1lunk adatokat a cs\u00edkr\u00e1kosi egyh\u00e1zk\u00f6zs\u00e9g t\u00f6rt\u00e9net\u00e9r\u00f5l a XVII. sz\u00e1zadt\u00f3l napjainkig.<\/p>\n<p><strong>A vacs\u00e1rcsi k\u00e1poln\u00e1t<\/strong>\u00a01721-ben J\u00e1nos M\u00e1ty\u00e1s vacs\u00e1rcsi sz\u00fclet\u00e9s\u00fb \u00e9s Gyulafeh\u00e9rv\u00e1ron kanonokk\u00e9nt tev\u00e9kenyked\u00f5 f\u00f5esperes \u00e9p\u00edtette.<\/p>\n<p>1982-84-ben a k\u00e1poln\u00e1t \u00faj st\u00edlus\u00fa, modern\u00a0<strong>templomm\u00e1\u00a0<\/strong>b\u00f5v\u00edtik.<\/p>\n<p>Vacs\u00e1rcsi b\u00facs\u00faja augusztus 6-\u00e1n, Urunk sz\u00ednev\u00e1ltoz\u00e1sa napj\u00e1n van.<\/p>\n<p>1996-t\u00f3l a felcs\u00edki k\u00f6zs\u00e9gek k\u00f3rustal\u00e1lkoz\u00f3t szerveznek, amelyeken a cs\u00edkvacs\u00e1rcsiak \u00e9nekesek is fell\u00e9pnek, mint a cs\u00edkr\u00e1kosi k\u00f3rus tagjai.<\/p>\n<hr \/>\n<p>Pl\u00e9b\u00e1nos: B\u00faz\u00e1s \u00c1rp\u00e1d<\/p>\n<p>K\u00e1ntor: Bir\u00f3 Attila<\/p>\n<p>&nbsp;<\/p>\n<p><strong>Egyh\u00e1ztan\u00e1cs<\/strong><\/p>\n<p>2019. december 26-\u00e1n a szentmise keret\u00e9n bel\u00fcl letett\u00e9k az esk\u00fct a Vacs\u00e1rcsiban az \u00faj egyh\u00e1ztan\u00e1csosok: Andr\u00e1s Istv\u00e1n, Kov\u00e1cs Istv\u00e1n, Fodor Zolt\u00e1n, Bartalis Attila, Csutak Szil\u00e1rd, K\u00f3sa K. L\u00e1szl\u00f3, Antal Csaba, Kiss L\u00f3r\u00e1nt<\/p>\n<p>A r\u00e9gi egyh\u00e1ztan\u00e1csosok: id. Sz\u0151cs Imre, M\u00e1rton Andr\u00e1s, P\u00e9ter Lajos, Salamon S\u00e1ndor, Kov\u00e1cs M\u00e1ty\u00e1s, ifj. Sz\u0151cs Imre, Sz\u0151cs L\u00e1szl\u00f3, Sz\u0151cs Lajos, K\u00f3sa K. \u00c1rp\u00e1d, S\u00e1rig Vilmos, Olte\u00e1n Zolt\u00e1n.<\/p>\n<p>Az alakul\u00f3 gy\u0171l\u00e9sen ifj. Sz\u0151cs Imre lett a gondnok, Sz\u0151cs L\u00e1szl\u00f3 helyettes, K\u00f3sa K. \u00c1rp\u00e1d temet\u0151gondnok, Csutak Szil\u00e1rd p\u00e9nzt\u00e1ros.<\/p>\n<p>Harangoz\u00f3: S\u00e1rosi Franciska.<\/p>\n<p>&nbsp;<\/p>\n","protected":false},"excerpt":{"rendered":"<p>Cs\u00edkvacs\u00e1rcsi Cs\u00edkr\u00e1kos egyh\u00e1zk\u00f6zs\u00e9ghez tartozik.\u00a0 Cs\u00edkr\u00e1kos, Cs\u00edkg\u00f6r\u00f6csfalva \u00e9s Cs\u00edkvacs\u00e1rcsi alkotja a Kisasszony Egyh\u00e1zk\u00f6zs\u00e9get. \u00a0Cs\u00edkr\u00e1kosi pl\u00e9b\u00e1nia iratt\u00e1r\u00e1ban tal\u00e1lhat\u00f3 legr\u00e9gebbi \u00edr\u00e1sos dokumentumban, a \u201eDomus Historia\u201c-ban tal\u00e1lunk adatokat a cs\u00edkr\u00e1kosi egyh\u00e1zk\u00f6zs\u00e9g t\u00f6rt\u00e9net\u00e9r\u00f5l a XVII. sz\u00e1zadt\u00f3l napjainkig. A vacs\u00e1rcsi k\u00e1poln\u00e1t\u00a01721-ben J\u00e1nos M\u00e1ty\u00e1s vacs\u00e1rcsi sz\u00fclet\u00e9s\u00fb \u00e9s Gyulafeh\u00e9rv\u00e1ron kanonokk\u00e9nt tev\u00e9kenyked\u00f5 f\u00f5esperes \u00e9p\u00edtette. 1982-84-ben a k\u00e1poln\u00e1t \u00faj st\u00edlus\u00fa, modern\u00a0templomm\u00e1\u00a0b\u00f5v\u00edtik. Vacs\u00e1rcsi b\u00facs\u00faja augusztus 6-\u00e1n, <a class=\"read-more\" href=\"https:\/\/www.csikvacsarcsi.ro\/index.php\/egyhaz\/\">READ MORE<\/a><\/p>\n","protected":false},"author":1,"featured_media":0,"parent":0,"menu_order":0,"comment_status":"closed","ping_status":"closed","template":"","meta":{"footnotes":""},"class_list":["post-17","page","type-page","status-publish","hentry"],"_links":{"self":[{"href":"https:\/\/www.csikvacsarcsi.ro\/index.php\/wp-json\/wp\/v2\/pages\/17","targetHints":{"allow":["GET"]}}],"collection":[{"href":"https:\/\/www.csikvacsarcsi.ro\/index.php\/wp-json\/wp\/v2\/pages"}],"about":[{"href":"https:\/\/www.csikvacsarcsi.ro\/index.php\/wp-json\/wp\/v2\/types\/page"}],"author":[{"embeddable":true,"href":"https:\/\/www.csikvacsarcsi.ro\/index.php\/wp-json\/wp\/v2\/users\/1"}],"replies":[{"embeddable":true,"href":"https:\/\/www.csikvacsarcsi.ro\/index.php\/wp-json\/wp\/v2\/comments?post=17"}],"version-history":[{"count":3,"href":"https:\/\/www.csikvacsarcsi.ro\/index.php\/wp-json\/wp\/v2\/pages\/17\/revisions"}],"predecessor-version":[{"id":48,"href":"https:\/\/www.csikvacsarcsi.ro\/index.php\/wp-json\/wp\/v2\/pages\/17\/revisions\/48"}],"wp:attachment":[{"href":"https:\/\/www.csikvacsarcsi.ro\/index.php\/wp-json\/wp\/v2\/media?parent=17"}],"curies":[{"name":"wp","href":"https:\/\/api.w.org\/{rel}","templated":true}]}}

Egyház

<p>Csíkvacsárcsi Csíkrákos egyházközséghez tartozik.  Csíkrákos, Csíkgöröcsfalva és Csíkvacsárcsi alkotja a Kisasszony Egyházközséget.  Csíkrákosi plébánia irattárában található legrégebbi írásos dokumentumban, a „<strong>Domus Historia</strong>“-ban találunk adatokat a csíkrákosi egyházközség történetérõl a XVII. századtól napjainkig.</p>
<p><strong>A vacsárcsi kápolnát</strong> 1721-ben János Mátyás vacsárcsi születésû és Gyulafehérváron kanonokként tevékenykedõ fõesperes építette.</p>
<p>1982-84-ben a kápolnát új stílusú, modern <strong>templommá </strong>bõvítik.</p>
<p>Vacsárcsi búcsúja augusztus 6-án, Urunk színeváltozása napján van.</p>
<p>1996-tól a felcsíki községek kórustalálkozót szerveznek, amelyeken a csíkvacsárcsiak énekesek is fellépnek, mint a csíkrákosi kórus tagjai.</p>
<hr />
<p>Plébános: Búzás Árpád</p>
<p>Kántor: Biró Attila</p>
<p>&nbsp;</p>
<p><strong>Egyháztanács</strong></p>
<p>2019. december 26-án a szentmise keretén belül letették az esküt a Vacsárcsiban az új egyháztanácsosok: András István, Kovács István, Fodor Zoltán, Bartalis Attila, Csutak Szilárd, Kósa K. László, Antal Csaba, Kiss Lóránt</p>
<p>A régi egyháztanácsosok: id. Szőcs Imre, Márton András, Péter Lajos, Salamon Sándor, Kovács Mátyás, ifj. Szőcs Imre, Szőcs László, Szőcs Lajos, Kósa K. Árpád, Sárig Vilmos, Olteán Zoltán.</p>
<p>Az alakuló gyűlésen ifj. Szőcs Imre lett a gondnok, Szőcs László helyettes, Kósa K. Árpád temetőgondnok, Csutak Szilárd pénztáros.</p>
<p>Harangozó: Sárosi Franciska.</p>
<p>&nbsp;</p>

<p>Csíkvacsárcsi Csíkrákos egyházközséghez tartozik.  Csíkrákos, Csíkgöröcsfalva és Csíkvacsárcsi alkotja a Kisasszony Egyházközséget.  Csíkrákosi plébánia irattárában található legrégebbi írásos dokumentumban, a „Domus Historia“-ban találunk adatokat a csíkrákosi egyházközség történetérõl a XVII. századtól napjainkig. A vacsárcsi kápolnát 1721-ben János Mátyás vacsárcsi születésû és Gyulafehérváron kanonokként tevékenykedõ fõesperes építette. 1982-84-ben a kápolnát új stílusú, modern templommá bõvítik. Vacsárcsi búcsúja augusztus 6-án, <a class="read-more" href="https://www.csikvacsarcsi.ro/index.php/egyhaz/">READ MORE</a></p>
